d 24.
3
Suppose -3*x - 48 = -4*q + q, 5*x + 10 = 0. Let d(g) = 96*g + 2. Let m be d(1). Calculate the highest common divisor of m and q.
14
Suppose x - 2*x = -4*v + 83, 0 = v - 4*x - 2. Suppose 0 = -4*m - 16 + 60. Calculate the highest common divisor of v and m.
11
Let j(b) = -b**3 - b**2. Let w be j(-2). Let n = 1 + -1. Suppose -l - w*l + 70 = n. What is the greatest common factor of l and 112?
14
Let b(u) = -6*u. Let c be b(-3). Suppose 0*a + 35 = 5*a. Let z = a - -29. Calculate the greatest common factor of c and z.
18
Let y = -16 - -22. Let u(d) = -d**3 + 6*d**2 - 2. Let s be u(4). What is the greatest common divisor of s and y?
6
Let f(t) = 33*t + 6. Let u be f(3). What is the highest common divisor of u and 15?
15
Let x = -1 - -25. What is the highest common divisor of x and 24?
24
Let u = -12 + 35. Let k be (-2)/5 - 164/(-10). Let w = u - k. Calculate the highest common factor of 77 and w.
7
Let w = -4 + 36. Let z = -18 + w. Let v(k) = k**2 - 8*k + 2. Let q be v(8). Calculate the highest common divisor of z and q.
2
Let s(l) = l**2 - 2. Let i be s(-3). Suppose 3*k - 69 = 15. What is the highest common divisor of k and i?
7
Let l = -27 - -31. What is the highest common divisor of 28 and l?
4
Suppose 2*c + 110 = 4*c. Let n be (-46)/(-4) + (-3)/6. Calculate the highest common factor of c and n.
11
Suppose -208 = r - 5*r + 4*h, 2*r = h + 106. Let o = r + 0. What is the highest common factor of o and 6?
6
Let w be (-8)/(-20) - 382/5. Let v be (-5)/(30/w)*3. Suppose -v = 2*m - 104. Calculate the highest common divisor of m and 22.
11
Suppose b + 2*m = 4, 0 = -b - 6*m + m - 8. Calculate the greatest common factor of 3 and b.
3
Suppose -y - 2*j = -11, -3*y - 19 = -7*y - 3*j. Suppose -3 = -3*l, 3*x - l = 3*l - y. What is the greatest common factor of x and 3?
1
Suppose h - 123 = 31. Calculate the highest common divisor of h and 14.
14
Let t be 0/(-3) - (-1 - 1). Let c(q) = 18*q**2 - 2*q - 2 - 6*q**t + 0*q. Let g be c(-3). What is the highest common divisor of g and 16?
16
Let r = 23 - 22. Let s = 15 + -10. Calculate the highest common factor of r and s.
1
Suppose 4*l = -0 - 12. Let v = l + -75. Let t be (v - 1 - -2)*-1. What is the highest common divisor of t and 11?
11
Let i be (3/5)/((-3)/(-15)). Suppose -i*z = 5*h - 17 + 1, 2*z = 4*h - 4. Suppose -20 = -3*t + h*t. Calculate the greatest common factor of t and 30.
10
Let i be (-280)/(-50) + 2/5. Suppose 0 = -2*a + 62 - 14. What is the highest common factor of i and a?
6
Suppose -t + 5*b = -187, 0*b - 380 = -2*t + 4*b. What is the greatest common factor of t and 12?
12
Let b be (-2 - 1*-3) + 183. Let q = b + -16. Let f be (1/(-2))/((-3)/q). What is the highest common factor of 70 and f?
14
Let d be -2*((1 - 2) + -6). What is the highest common factor of 98 and d?
14
Suppose 0 = 2*c + 1 - 5. Suppose c*j = 5*j - 18. What is the highest common factor of 9 and j?
3
Suppose -7*r + 12*r = 385. What is the greatest common factor of r and 11?
11
Let m(x) = 3*x**2 + 11*x - 9. Let b be m(-5). Let g be 6/(-2)*22/(-6). Calculate the greatest common factor of b and g.
11
Let m be -9*(3 - 4)*1. Let k = -37 - -118. Calculate the highest common divisor of m and k.
9
Let u = -499 + 861. Suppose 3*c - u = -j, -118 = 2*c - 3*c + j. Calculate the greatest common divisor of c and 24.
24
Suppose 2*o + 2 + 0 = 0. Let g be (0 - -1) + o + 18. What is the highest common factor of g and 18?
18
Let y(q) = -q**3 - 11*q**2 - 17*q - 22. Let k be y(-10). Calculate the greatest common divisor of 12 and k.
12
Suppose 0 = -2*a - 2*w - 26, -4*w = -4*a + 5*a + 10. Let g be (1 - a) + -13 + 9. Calculate the greatest common factor of 77 and g.
11
Let b = -185 + 273. Let c(r) = -r**2 - 5*r + 8. Let a be c(-5). Calculate the greatest common divisor of a and b.
8
Let v = 21 - 8. Suppose 3*d - 72 = -2*l, 5*l + 0*d - d - 197 = 0. What is the highest common factor of v and l?
13
Suppose 2*c + 9*c = 594. What is the highest common divisor of c and 36?
18
Let i be (15/(-6))/((-2)/4). Let c be i/(-2)*(-12)/10. Calculate the greatest common factor of 33 and c.
3
Suppose -d = b + 4, 2*d + 3*b = -0*b - 12. Suppose 9 = n - d. Suppose 4*g = 5*m + 344, -6*m = -4*g - 2*m + 340. What is the greatest common divisor of g and n?
9
Let r(n) = -57*n + 1. Let d be r(-1). Calculate the greatest common divisor of 290 and d.
58
Suppose -5*t = -2*q + 130, -4*q + 3*q - t + 58 = 0. Let c be (q/(-7))/((-1)/7). What is the greatest common divisor of c and 90?
30
Let t = 1076 - 524. Suppose -g + 2*g = t. Suppose -y - 2*y = 5*b - 556, y = -5*b + g. Calculate the highest common factor of 10 and b.
10
Suppose -1 = 4*u - 5. Calculate the greatest common factor of 7 and u.
1
Suppose 0 = 5*b - 15 - 0. Suppose 182 = b*z - 130. Let r = 19 - 6. What is the greatest common divisor of r and z?
13
Let m(x) = 5*x - 31. Let v be m(10). Calculate the highest common factor of v and 133.
19
Suppose 4*k + k = 30. Let j = k - 5. Calculate the greatest common divisor of j and 5.
1
Let v = 8 - -6. Let u = 7 + -5. Suppose u*a = 275 - 51. Calculate the highest common factor of v and a.
14
Suppose 2*v = -4, 5*v + 22 + 12 = -2*c. Let j be c/(-8) - (-187)/2. Suppose 3*y - 152 = -y. What is the highest common divisor of j and y?
19
Suppose 11 = -5*v - 9. Let h = v - -13. What is the highest common divisor of 81 and h?
9
Let y(h) = -h**2 - 15*h - 6. Let x be y(-6). Suppose -x = -3*w - 3*b, w + 2*b = -0*w + 20. Let o be 18/w*4/3. Calculate the greatest common factor of 8 and o.
2
Let p = -101 - -145. Calculate the greatest common factor of 33 and p.
11
Suppose -5*u = -z - 25, 2*u = 3*z - 3 - 0. Calculate the highest common divisor of 1 and u.
1
Let h be (-1482)/(-30) - (-3)/5. Suppose 0 = 3*g - 2*q - 56, -g + 3*q - 66 = -4*g. What is the highest common divisor of g and h?
10
Let k = -7 + 15. Suppose -42 - k = -5*o. Calculate the greatest common factor of o and 10.
10
Let i = 31 - 18. Let b = -2 + i. Let s be (1 + 87)*1*1. Calculate the greatest common factor of b and s.
11
Let h = 2 + -2. Suppose 44 = y - h*y. Let u = -5 + 9. Calculate the greatest common divisor of u and y.
4
Let w(q) = -6*q**3 + 2*q**2 + q. Let k be w(-1). Calculate the greatest common factor of 1 and k.
1
Suppose 0*z - 6 = -2*z. Suppose 12 - 45 = -z*b. Calculate the highest common divisor of b and 88.
11
Let u be 12/2 + 1/(-1). Suppose -3 = x - 4. Let l = u - x. What is the greatest common divisor of l and 20?
4
Let d(p) = -p**2 + 12*p + 6. Let u be d(9). Calculate the highest common divisor of u and 3.
3
Let y(b) be the third derivative of b**5/15 - b**4/12 + b**3/2 + 6*b**2. Let c be y(-3). What is the greatest common divisor of c and 15?
15
Suppose -x + 96 = 7*x. What is the highest common factor of 30 and x?
6
Suppose 0 = -2*z - d + 143, 3*z - 3*d + 5*d = 212. Let a = z - 35. Suppose 2*p = a - 7. Calculate the highest common divisor of p and 40.
8
Let j(p) be the first derivative of -p**2/2 + 10*p + 3. Let g be j(8). Let u be 1*(0 + 34 - g). What is the greatest common divisor of 48 and u?
16
Let u(f) = -f**2 + 8*f + 1. Let n be u(8). Suppose 8*x - 3*x = 10. Let q be ((-4)/n)/(x/(-3)). Calculate the greatest common divisor of 9 and q.
3
Suppose -2*s + 2 + 8 = 0. Suppose -m = -s*m + 192. Suppose -11 = -4*r + 13. What is the highest common divisor of r and m?
6
Suppose 4*j = 28 + 16. Let l = 3 + -2. What is the highest common factor of j and l?
1
Let r = 266 - 218. Calculate the greatest common factor of 16 and r.
16
Let c(t) = t**3 + 4*t**2 + 4*t + 3. Let r be c(-2). Suppose -16 = -r*h - 7. Calculate the highest common divisor of 2 and h.
1
Suppose -s = -3*s + 8. Let l(c) = -6*c - c**2 - 6*c - 1 + 3 + 5*c. Let h be l(-5). Calculate the highest common divisor of h and s.
4
Let j be -4 - (-21 + 0 - -4). What is the greatest common factor of j and 104?
13
Suppose h = 6*h - 840. Suppose -5*r - 140 + 30 = -5*j, 1 = -r. What is the highest common divisor of h and j?
21
Suppose 0 = 39*p - 43*p + 112. Calculate the highest common factor of 7 and p.
7
Let l be 3/6 - 57/(-6). Let z = 22 - l. Calculate the highest common factor of 24 and z.
12
Let o = 9 - 7. Suppose 120 = 2*y + o*y. Calculate the greatest common factor of 5 and y.
5
Let y(w) = -w**3 - 6*w**2 + w + 6. Let o be y(-6). Suppose 240 = 5*h - 0*h. Suppose o*r - h = -